15*i - 1. Let l be c(w). Calculate the highest common factor of l and 28.
14
Let h(r) = 7*r - 3. Let n be h(6). Let s = 63 + -37. Calculate the greatest common divisor of n and s.
13
Let m be 2 + (270 - (0 + 0)). Suppose -136 - 186 = -3*v - 5*l, 3*v - 5*l - m = 0. Calculate the highest common factor of 11 and v.
11
Let x be 66/10 + 4/10. Let y(w) = 49*w - 7. Let t(l) = -74*l + 10. Let f(s) = x*y(s) + 5*t(s). Let g be f(-2). Calculate the greatest common divisor of 5 and g.
5
Let n be 23*(-2 - -3) - 5. What is the highest common factor of n and 9?
9
Suppose y + 4 = -2*b + 33, -2*b + 3*y + 9 = 0. Suppose 3*l = l + b. What is the highest common divisor of 12 and l?
6
Let p be -2 + -1 - (-36)/6. Suppose -396 = -y - p*y. What is the greatest common divisor of y and 11?
11
Suppose -3*a + a - 4 = -3*l, -l + 7 = 5*a. Let m be -1 + (2 - l*-357). Let g be m/20 - (-1)/4. What is the highest common divisor of g and 54?
18
Let g be ((-3)/(-5))/(11/715). What is the greatest common factor of g and 117?
39
Let m(b) = -b**3 + 9*b**2 - 8*b + 4. Let c be m(7). Suppose -5*u + c = 1. Calculate the greatest common divisor of 18 and u.
9
Let q(x) = -x**3 + 2*x**2 + 3*x + 4. Let f be q(3). Suppose -45 = -4*t - 3*d + 7, -4*t + 24 = -f*d. What is the greatest common divisor of t and 80?
10
Let k be (-3)/15 - (-1803)/15. What is the highest common factor of k and 48?
24
Suppose -4*d = 12 - 4. Let z = d - -15. What is the highest common factor of 65 and z?
13
Let z = -79 - 33. Suppose 3*n + n + 16 = 0. Let l be z/21*6/n. Calculate the highest common factor of 2 and l.
2
Suppose -p - 12 = 28. Let x = p - -118. Suppose -4*g + 224 = -3*d, x = 3*g + 3*d - 90. What is the highest common factor of 14 and g?
14
Suppose 9*a = 117 + 9. Calculate the greatest common factor of 98 and a.
14
Let j be (3 - 2)/(2/12). What is the greatest common factor of j and 54?
6
Let f(m) = -m**3 - 11*m**2 - 17*m - 60. Let z be f(-10). Calculate the greatest common factor of z and 25.
5
Let f be 14/3*540/24. What is the highest common divisor of 15 and f?
15
Suppose -5*o - 111 + 536 = 0. Let n = 21 + -8. Suppose 3*m - o = -n. What is the highest common divisor of m and 60?
12
Let b = -31 + 38. What is the highest common divisor of b and 49?
7
Let w(y) = -y**3 + 12*y**2 - 10*y + 2. Let b be w(4). Calculate the highest common factor of b and 225.
45
Let y = -8 + 13. Suppose 20 = -y*k, 6*h - 2*k = 5*h + 16. Calculate the greatest common divisor of h and 32.
8
Let s be 16/(-3) + 8/(-12). Let i be -1*1 + (s - 3). Let q be (-86)/(-7) + i/35. What is the highest common factor of q and 12?
12
Let i = -28 + 108. Calculate the highest common factor of i and 16.
16
Let c be (-4)/(-14) - (-458)/14. Let r = -78 + 81. What is the greatest common factor of c and r?
3
Let g be (-1)/(2/(-10) + 0). Suppose 4*h + p = 77 - 1, -g*p = 4*h - 92. Let l be (24/(-20))/((-1)/15). Calculate the highest common divisor of h and l.
18
Suppose 10 = -q - 9. Let f be 0 - (q*2 - -3). What is the highest common factor of f and 5?
5
Suppose -391 = -5*g + 104. What is the highest common factor of g and 11?
11
Let r be 5698/99 - (-4)/9. What is the highest common divisor of 58 and r?
58
Suppose -q - 110 = -3*p, 0 = -2*p - q + 57 + 13. Calculate the highest common factor of 45 and p.
9
Let f = -181 - -224. What is the highest common divisor of f and 86?
43
Let n = -26 - -31. What is the highest common divisor of n and 1?
1
Let q(i) = i**3 - 9*i**2 - 20*i - 15. Let m be q(11). What is the highest common factor of 21 and m?
7
Let c = 2 - -3. Suppose 17 + 55 = c*v + 2*d, 3*v = d + 52. Calculate the highest common divisor of v and 2.
2
Let y be 1/((39/(-72))/(-13)). What is the greatest common divisor of y and 36?
12
Suppose -3*j - 4*r + 0*r + 126 = 0, 4*r = -12. What is the greatest common factor of j and 46?
46
Suppose 10*y = 5 + 5. Let t(z) = -z**2 + 5*z + 2. Let o be t(5). Calculate the greatest common divisor of y and o.
1
Let o(j) = 8*j - 6. Let u be o(5). Suppose -4 = -i, -4*h = -2*h + 2*i - u. What is the greatest common divisor of h and 13?
13
Let f = 34 + -17. Calculate the greatest common factor of 102 and f.
17
Suppose -r = 2*h - 8, 2*r + 2*r = 3*h + 76. Let n be 109 + (-5)/(5/(-3)). What is the greatest common factor of n and r?
16
Let g(u) = -6*u**3 - u**2 + 3*u + 2. Let x be g(-2). Calculate the greatest common factor of x and 5.
5
Suppose x - 473 + 114 = 0. Let n be 4/(-6) + x/3. What is the greatest common factor of n and 17?
17
Let j(s) = -s**3 - 12*s**2 - 24*s - 23. Let x be j(-10). Calculate the greatest common divisor of 187 and x.
17
Suppose -4*a = -a - 171. Let c = a + 3. Let i(s) = -s**2 - 11*s + 2. Let r be i(-10). What is the highest common divisor of r and c?
12
Suppose -4*t = -0*t - 452. Let m(f) = -49*f + 5. Let s be m(-4). Let d = s - t. Calculate the highest common divisor of 11 and d.
11
Let t = 22 + -11. Let m = t - 0. What is the highest common divisor of 1 and m?
1
Let g be 76/(-12) - (-1)/3. Let a be (-8)/g*495/6. Let i be 10*(-1)/((-2)/2). Calculate the highest common divisor of a and i.
10
Let c(g) = 2*g + 16. Let o be c(0). Calculate the greatest common divisor of o and 16.
16
Suppose 0 = 3*c - 135 + 27. Calculate the highest common factor of c and 9.
9
Suppose 4*t - 45 = -t. Calculate the greatest common divisor of t and 63.
9
Let c(w) = 11*w**2 + 1. Let k be c(-1). Calculate the highest common factor of k and 12.
12
Let l(k) = 31*k**2 + 2*k - 2. Let v(h) = -h**2 - 5*h + 8. Let o be v(-6). Let z be l(o). What is the greatest common divisor of z and 14?
14
Let f = 85 - -110. Let d be (1/3)/(5/f). Calculate the highest common factor of 13 and d.
13
Let x be (-908)/(-10) - (-9)/45. Calculate the greatest common divisor of 13 and x.
13
Let h = 16 - 6. Let b = 6 - 18. Let k = b - -32. What is the greatest common divisor of k and h?
10
Suppose 19*s = 16*s + 525. Calculate the highest common divisor of 25 and s.
25
Suppose 0*l - l - 5*i - 3 = 0, -3*i = 4*l - 73. Calculate the highest common factor of l and 22.
22
Let h = 2 + 1. Suppose -h*i = -0*i + 6. Let d(f) = 24*f**2 + 2*f - 1. Let p be d(i). Calculate the highest common divisor of p and 13.
13
Suppose -3*i + 468 = -1458. Let q be i/30 - 4/10. What is the greatest common divisor of 189 and q?
21
Let w be (-2)/(-11) - (-39)/(-33). Let d = -1 + w. Let h be ((-4)/(-5))/(d/(-5)). Calculate the greatest common divisor of h and 16.
2
Let s(h) = -h**2 - h + 7. Let y be s(0). Calculate the highest common divisor of y and 42.
7
Let v(t) = 5*t + 1 - 2*t - t + t**2 + 1. Let d be v(4). Calculate the greatest common divisor of 39 and d.
13
Let f = 101 - 51. Calculate the highest common divisor of 125 and f.
25
Suppose n + 3*n - 3*m - 40 = 0, 4 = -m. Let f be 5/((-35)/(-18))*n. What is the greatest common factor of f and 18?
18
Let u(m) = -7*m - 5. Let z be u(-17). What is the greatest common factor of z and 38?
38
Let c(d) = 4*d**2 + 3*d - 2. Let g be c(2). Let q = 348 - 510. Let a = -112 - q. Calculate the highest common factor of g and a.
10
Suppose 5*g = 15, 2*p - 3*g - 3 = p. What is the highest common divisor of 2 and p?
2
Let m = 36 - -4. Calculate the greatest common divisor of 10 and m.
10
Suppose 2*v - v = 54. What is the greatest common factor of v and 18?
18
Suppose 0 = -0*a + 2*a - 6. Let w(b) = -b**3 + 3*b**2 + 3*b - 2. Let p be w(a). Calculate the highest common divisor of 56 and p.
7
Let m(x) = x**3 + 9*x**2 - 12*x - 12. Let h be m(-10). Let d be -4*(2 - 58/h). What is the highest common factor of d and 14?
7
Let i = -3 + 14. Let x = 21 - i. Suppose 5*h + 12 = 62. Calculate the greatest common divisor of h and x.
10
Suppose -27*m + 288 = -252. Let l = 468 + -328. What is the highest common factor of l and m?
20
Let s = 74 - 38. Calculate the highest common factor of s and 6.
6
Suppose -13 = -3*c - 1. Suppose c*d + 8 = -5*q, 0 = -d + 2*d + q + 1. Suppose -d*n + 29 + 55 = 0. What is the greatest common factor of n and 14?
14
Suppose 0 = 3*b - b + 172. Let r = 146 + b. What is the highest common divisor of 40 and r?
20
Let r = 4 + -1. Calculate the greatest common divisor of 15 and r.
3
Suppose 0 = -q - 4*w + 106, -2*q - 398 = -5*q + 4*w. Suppose -67 = -7*v + 2*v + i, -26 = -v - 4*i. Calculate the greatest common divisor of q and v.
14
Suppose 5*l - 